{"version":"1.0","provider_name":"M\u00e9t\u00e9orologie Nationale du Cameroun","provider_url":"https:\/\/meteocameroon.gov.cm\/en","author_name":"ANDRE DJOUBDOUNA","author_url":"https:\/\/meteocameroon.gov.cm\/en\/author\/djoubdouna\/","title":"Bulletin Climatique D\u00e9cadaire No 008 -","type":"rich","width":600,"height":338,"html":"<blockquote class=\"wp-embedded-content\" data-secret=\"eOBFO3VLTM\"><a href=\"https:\/\/meteocameroon.gov.cm\/en\/download\/bulletin-climatique-decadaire-no-008\/\">Bulletin Climatique D\u00e9cadaire No 008<\/a><\/blockquote><iframe sandbox=\"allow-scripts\" security=\"restricted\" src=\"https:\/\/meteocameroon.gov.cm\/en\/download\/bulletin-climatique-decadaire-no-008\/embed\/#?secret=eOBFO3VLTM\" width=\"600\" height=\"338\" title=\"&#8220;Bulletin Climatique D\u00e9cadaire No 008&#8221; &#8212; M\u00e9t\u00e9orologie Nationale du Cameroun\" data-secret=\"eOBFO3VLTM\" frameborder=\"0\" marginwidth=\"0\" marginheight=\"0\" scrolling=\"no\" class=\"wp-embedded-content\"><\/iframe><script type=\"text\/javascript\">\n\/* <![CDATA[ *\/\n\/*! This file is auto-generated *\/\n!function(d,l){\"use strict\";l.querySelector&&d.addEventListener&&\"undefined\"!=typeof URL&&(d.wp=d.wp||{},d.wp.receiveEmbedMessage||(d.wp.receiveEmbedMessage=function(e){var t=e.data;if((t||t.secret||t.message||t.value)&&!\/[^a-zA-Z0-9]\/.test(t.secret)){for(var s,r,n,a=l.querySelectorAll('iframe[data-secret=\"'+t.secret+'\"]'),o=l.querySelectorAll('blockquote[data-secret=\"'+t.secret+'\"]'),c=new RegExp(\"^https?:$\",\"i\"),i=0;i<o.length;i++)o[i].style.display=\"none\";for(i=0;i<a.length;i++)s=a[i],e.source===s.contentWindow&&(s.removeAttribute(\"style\"),\"height\"===t.message?(1e3<(r=parseInt(t.value,10))?r=1e3:~~r<200&&(r=200),s.height=r):\"link\"===t.message&&(r=new URL(s.getAttribute(\"src\")),n=new URL(t.value),c.test(n.protocol))&&n.host===r.host&&l.activeElement===s&&(d.top.location.href=t.value))}},d.addEventListener(\"message\",d.wp.receiveEmbedMessage,!1),l.addEventListener(\"DOMContentLoaded\",function(){for(var e,t,s=l.querySelectorAll(\"iframe.wp-embedded-content\"),r=0;r<s.length;r++)(t=(e=s[r]).getAttribute(\"data-secret\"))||(t=Math.random().toString(36).substring(2,12),e.src+=\"#?secret=\"+t,e.setAttribute(\"data-secret\",t)),e.contentWindow.postMessage({message:\"ready\",secret:t},\"*\")},!1)))}(window,document);\n\/\/# sourceURL=https:\/\/meteocameroon.gov.cm\/wp-includes\/js\/wp-embed.min.js\n\/* ]]> *\/\n<\/script>","description":"Au cours de la deuxi\u00e8me d\u00e9cade du mois de mars, des pluies de cumul \u00e9lev\u00e9es sont tr\u00e8s probables le long de la c\u00f4te et une partie de la r\u00e9gion du Nord-Ouest, notamment dans les localit\u00e9s de Kribi, Douala, Mundemba et Bamenda. Aussi, une partie des r\u00e9gions regroupant: l\u2019Est, le Sud, le Centre, le Littoral, l\u2019Ouest et le Nord-Ouest sont susceptibles de recevoir des pluies mod\u00e9r\u00e9es \u00e0 \u00e9lev\u00e9es. Aussi, un d\u00e9but effectif \u00e0 dominance normale \u00e0 tardive dans la majeure partie des r\u00e9gions du Littoral et de l\u2019Ouest. Tandis que, la dominance est de normale \u00e0 pr\u00e9coce dans la majeure partie des r\u00e9gions de l\u2019Est et du Sud. Cependant les cat\u00e9gories pr\u00e9vues dans les r\u00e9gions du Centre et l\u2019Adamaoua pourront \u00eatre \u00e0 dominance normale \u00e0 pr\u00e9coce. Face aux fortes pluies et vents forts susceptibles d\u2019\u00eatre enregistr\u00e9es dans les r\u00e9gions suscit\u00e9es: les populations doivent \u00eatre vigilant aux \u00e9ventuels catastrophes (vent violent, crue subite etc\u2026). Sur le plan sant\u00e9 l\u2019\u00e9mergence des cas de chol\u00e9ra et m\u00e9ningite sont probable dans les r\u00e9gions du Nord et de l\u2019Extr\u00eame-Nord.La suite dans le bulletin climatique d\u00e9cadaire No 008."}

Météorologie Nationale du Cameroun

Bulletin Climatique Décadaire No 008 -

<blockquote class="wp-embedded-content" data-secret="eOBFO3VLTM"><a href="https://meteocameroon.gov.cm/en/download/bulletin-climatique-decadaire-no-008/">Bulletin Climatique Décadaire No 008</a></blockquote><iframe sandbox="allow-scripts" security="restricted" src="https://meteocameroon.gov.cm/en/download/bulletin-climatique-decadaire-no-008/embed/#?secret=eOBFO3VLTM" width="600" height="338" title="&#8220;Bulletin Climatique Décadaire No 008&#8221; &#8212; Météorologie Nationale du Cameroun" data-secret="eOBFO3VLTM" frameborder="0" marginwidth="0" marginheight="0" scrolling="no" class="wp-embedded-content"></iframe><script type="text/javascript">
/* <![CDATA[ */
/*! This file is auto-generated */
!function(d,l){"use strict";l.querySelector&&d.addEventListener&&"undefined"!=typeof URL&&(d.wp=d.wp||{},d.wp.receiveEmbedMessage||(d.wp.receiveEmbedMessage=function(e){var t=e.data;if((t||t.secret||t.message||t.value)&&!/[^a-zA-Z0-9]/.test(t.secret)){for(var s,r,n,a=l.querySelectorAll('iframe[data-secret="'+t.secret+'"]'),o=l.querySelectorAll('blockquote[data-secret="'+t.secret+'"]'),c=new RegExp("^https?:$","i"),i=0;i<o.length;i++)o[i].style.display="none";for(i=0;i<a.length;i++)s=a[i],e.source===s.contentWindow&&(s.removeAttribute("style"),"height"===t.message?(1e3<(r=parseInt(t.value,10))?r=1e3:~~r<200&&(r=200),s.height=r):"link"===t.message&&(r=new URL(s.getAttribute("src")),n=new URL(t.value),c.test(n.protocol))&&n.host===r.host&&l.activeElement===s&&(d.top.location.href=t.value))}},d.addEventListener("message",d.wp.receiveEmbedMessage,!1),l.addEventListener("DOMContentLoaded",function(){for(var e,t,s=l.querySelectorAll("iframe.wp-embedded-content"),r=0;r<s.length;r++)(t=(e=s[r]).getAttribute("data-secret"))||(t=Math.random().toString(36).substring(2,12),e.src+="#?secret="+t,e.setAttribute("data-secret",t)),e.contentWindow.postMessage({message:"ready",secret:t},"*")},!1)))}(window,document);
//# sourceURL=https://meteocameroon.gov.cm/wp-includes/js/wp-embed.min.js
/* ]]> */
</script>

Au cours de la deuxième décade du mois de mars, des pluies de cumul élevées sont très probables le long de la côte et une partie de la région du Nord-Ouest, notamment dans les localités de Kribi, Douala, Mundemba et Bamenda. Aussi, une partie des régions regroupant: l’Est, le Sud, le Centre, le Littoral, l’Ouest et le Nord-Ouest sont susceptibles de recevoir des pluies modérées à élevées. Aussi, un début effectif à dominance normale à tardive dans la majeure partie des régions du Littoral et de l’Ouest. Tandis que, la dominance est de normale à précoce dans la majeure partie des régions de l’Est et du Sud. Cependant les catégories prévues dans les régions du Centre et l’Adamaoua pourront être à dominance normale à précoce. Face aux fortes pluies et vents forts susceptibles d’être enregistrées dans les régions suscitées: les populations doivent être vigilant aux éventuels catastrophes (vent violent, crue subite etc…). Sur le plan santé l’émergence des cas de choléra et méningite sont probable dans les régions du Nord et de l’Extrême-Nord.La suite dans le bulletin climatique décadaire No 008.
