{"version":"1.0","provider_name":"M\u00e9t\u00e9orologie Nationale du Cameroun","provider_url":"https:\/\/meteocameroon.gov.cm\/en","author_name":"superadmin","author_url":"https:\/\/meteocameroon.gov.cm\/en\/author\/superadmin\/","title":"15\u00e8me Forum des usagers d'EUMETSAT en Afrique, Dar Es Salam-Tanzanie du 13 au 16 Septembre 2022 - M\u00e9t\u00e9orologie Nationale du Cameroun","type":"rich","width":600,"height":338,"html":"<blockquote class=\"wp-embedded-content\" data-secret=\"2j1GpcNoEC\"><a href=\"https:\/\/meteocameroon.gov.cm\/en\/forum_eumetsat\/\">15th EUMETSAT User Forum in Africa, Dar Es Salam-Tanzania from 13 to 16 September 2022<\/a><\/blockquote><iframe sandbox=\"allow-scripts\" security=\"restricted\" src=\"https:\/\/meteocameroon.gov.cm\/en\/forum_eumetsat\/embed\/#?secret=2j1GpcNoEC\" width=\"600\" height=\"338\" title=\"&#8220;15\u00e8me Forum des usagers d&#8217;EUMETSAT en Afrique, Dar Es Salam-Tanzanie du 13 au 16 Septembre 2022&#8221; &#8212; M\u00e9t\u00e9orologie Nationale du Cameroun\" data-secret=\"2j1GpcNoEC\" frameborder=\"0\" marginwidth=\"0\" marginheight=\"0\" scrolling=\"no\" class=\"wp-embedded-content\"><\/iframe><script type=\"text\/javascript\">\n\/* <![CDATA[ *\/\n\/*! This file is auto-generated *\/\n!function(d,l){\"use strict\";l.querySelector&&d.addEventListener&&\"undefined\"!=typeof URL&&(d.wp=d.wp||{},d.wp.receiveEmbedMessage||(d.wp.receiveEmbedMessage=function(e){var t=e.data;if((t||t.secret||t.message||t.value)&&!\/[^a-zA-Z0-9]\/.test(t.secret)){for(var s,r,n,a=l.querySelectorAll('iframe[data-secret=\"'+t.secret+'\"]'),o=l.querySelectorAll('blockquote[data-secret=\"'+t.secret+'\"]'),c=new RegExp(\"^https?:$\",\"i\"),i=0;i<o.length;i++)o[i].style.display=\"none\";for(i=0;i<a.length;i++)s=a[i],e.source===s.contentWindow&&(s.removeAttribute(\"style\"),\"height\"===t.message?(1e3<(r=parseInt(t.value,10))?r=1e3:~~r<200&&(r=200),s.height=r):\"link\"===t.message&&(r=new URL(s.getAttribute(\"src\")),n=new URL(t.value),c.test(n.protocol))&&n.host===r.host&&l.activeElement===s&&(d.top.location.href=t.value))}},d.addEventListener(\"message\",d.wp.receiveEmbedMessage,!1),l.addEventListener(\"DOMContentLoaded\",function(){for(var e,t,s=l.querySelectorAll(\"iframe.wp-embedded-content\"),r=0;r<s.length;r++)(t=(e=s[r]).getAttribute(\"data-secret\"))||(t=Math.random().toString(36).substring(2,12),e.src+=\"#?secret=\"+t,e.setAttribute(\"data-secret\",t)),e.contentWindow.postMessage({message:\"ready\",secret:t},\"*\")},!1)))}(window,document);\n\/\/# sourceURL=https:\/\/meteocameroon.gov.cm\/wp-includes\/js\/wp-embed.min.js\n\/* ]]> *\/\n<\/script>","thumbnail_url":"https:\/\/meteocameroon.gov.cm\/wp-content\/uploads\/2022\/09\/WhatsApp-Image-2022-09-14-at-6.51.46-AM.jpeg","thumbnail_width":1080,"thumbnail_height":810,"description":"L\u2019\u00e9v\u00e9nement a connu la participation du Ministre des Transports et des Travaux Publics de la Tanzanie, des hauts responsables notamment de la Commission de l\u2019Union Africaine, de l\u2019Union Europ\u00e9enne, de l\u2019Organisation m\u00e9t\u00e9orologique mondiale, et du Directeur g\u00e9n\u00e9ral de l\u2019organisation EUMETSAT."}

Météorologie Nationale du Cameroun

15ème Forum des usagers d'EUMETSAT en Afrique, Dar Es Salam-Tanzanie du 13 au 16 Septembre 2022 - Météorologie Nationale du Cameroun

<blockquote class="wp-embedded-content" data-secret="2j1GpcNoEC"><a href="https://meteocameroon.gov.cm/en/forum_eumetsat/">15th EUMETSAT User Forum in Africa, Dar Es Salam-Tanzania from 13 to 16 September 2022</a></blockquote><iframe sandbox="allow-scripts" security="restricted" src="https://meteocameroon.gov.cm/en/forum_eumetsat/embed/#?secret=2j1GpcNoEC" width="600" height="338" title="&#8220;15ème Forum des usagers d&#8217;EUMETSAT en Afrique, Dar Es Salam-Tanzanie du 13 au 16 Septembre 2022&#8221; &#8212; Météorologie Nationale du Cameroun" data-secret="2j1GpcNoEC" frameborder="0" marginwidth="0" marginheight="0" scrolling="no" class="wp-embedded-content"></iframe><script type="text/javascript">
/* <![CDATA[ */
/*! This file is auto-generated */
!function(d,l){"use strict";l.querySelector&&d.addEventListener&&"undefined"!=typeof URL&&(d.wp=d.wp||{},d.wp.receiveEmbedMessage||(d.wp.receiveEmbedMessage=function(e){var t=e.data;if((t||t.secret||t.message||t.value)&&!/[^a-zA-Z0-9]/.test(t.secret)){for(var s,r,n,a=l.querySelectorAll('iframe[data-secret="'+t.secret+'"]'),o=l.querySelectorAll('blockquote[data-secret="'+t.secret+'"]'),c=new RegExp("^https?:$","i"),i=0;i<o.length;i++)o[i].style.display="none";for(i=0;i<a.length;i++)s=a[i],e.source===s.contentWindow&&(s.removeAttribute("style"),"height"===t.message?(1e3<(r=parseInt(t.value,10))?r=1e3:~~r<200&&(r=200),s.height=r):"link"===t.message&&(r=new URL(s.getAttribute("src")),n=new URL(t.value),c.test(n.protocol))&&n.host===r.host&&l.activeElement===s&&(d.top.location.href=t.value))}},d.addEventListener("message",d.wp.receiveEmbedMessage,!1),l.addEventListener("DOMContentLoaded",function(){for(var e,t,s=l.querySelectorAll("iframe.wp-embedded-content"),r=0;r<s.length;r++)(t=(e=s[r]).getAttribute("data-secret"))||(t=Math.random().toString(36).substring(2,12),e.src+="#?secret="+t,e.setAttribute("data-secret",t)),e.contentWindow.postMessage({message:"ready",secret:t},"*")},!1)))}(window,document);
//# sourceURL=https://meteocameroon.gov.cm/wp-includes/js/wp-embed.min.js
/* ]]> */
</script>

L’événement a connu la participation du Ministre des Transports et des Travaux Publics de la Tanzanie, des hauts responsables notamment de la Commission de l’Union Africaine, de l’Union Européenne, de l’Organisation météorologique mondiale, et du Directeur général de l’organisation EUMETSAT.
