{"id":1008,"date":"2022-03-19T13:12:34","date_gmt":"2022-03-19T12:12:34","guid":{"rendered":"https:\/\/meteocameroon.gov.cm\/?page_id=1008"},"modified":"2024-07-27T09:02:07","modified_gmt":"2024-07-27T08:02:07","slug":"events","status":"publish","type":"page","link":"https:\/\/meteocameroon.gov.cm\/en\/events\/","title":{"rendered":"Event"},"content":{"rendered":"<div class=\"vc_row wpb_row vc_row-fluid sigma-bg-color-transparent sigma-background-position-left-top sigma-title-color-default\"><div class=\"wpb_column vc_column_container vc_col-sm-12 sigma-bg-color-transparent sigma-background-position-left-top sigma-title-color-default\"><div class=\"vc_column-inner\"><div class=\"wpb_wrapper\"><div class=\"vc_empty_space\"   style=\"height: 50px\"><span class=\"vc_empty_space_inner\"><\/span><\/div><\/div><\/div><\/div><\/div><div class=\"vc_row wpb_row vc_row-fluid sigma-bg-color-transparent sigma-background-position-left-top sigma-title-color-default\"><div class=\"wpb_column vc_column_container vc_col-sm-12 sigma-bg-color-transparent sigma-background-position-left-top sigma-title-color-default\"><div class=\"vc_column-inner\"><div class=\"wpb_wrapper\">\n\t<div class=\"wpb_text_column wpb_content_element\" >\n\t\t<div class=\"wpb_wrapper\">\n\t\t\t<div class=\"wp-block-media-text alignwide is-stacked-on-mobile\">\n<figure class=\"wp-block-media-text__media\"><img loading=\"lazy\" decoding=\"async\" width=\"1024\" height=\"683\" class=\"wp-image-809 size-full\" src=\"https:\/\/meteocameroon.gov.cm\/wp-content\/uploads\/2022\/03\/moloundou.jpg\" alt=\"\" \/><\/figure>\n<div class=\"wp-block-media-text__content\">\n<p class=\"has-large-font-size\">La rivi\u00e8re des crevette<\/p>\n<p>C\u00e9r\u00e9monie d&#8217;ouverture pr\u00e9sid\u00e9e, mardi 26 juillet 2022, par Monsieur Jean Ernest Mass\u00e9na NGALLE BIBEHE, Ministre des Transports assist\u00e9 de Monsieur le Ministre D\u00e9l\u00e9gu\u00e9 aupr\u00e8s du Minist\u00e8re des Transports et de Monsieur le Secr\u00e9taire g\u00e9n\u00e9ral du Minist\u00e8re des Transports, en pr\u00e9sence du Directeur g\u00e9n\u00e9ral de l&#8217;ACMAD, du Directeur de la M\u00e9t\u00e9orologie Nationale, des Responsables de l&#8217;African Network of Basin Organization et du Panafrican Farmers Organization.<\/p>\n<\/div>\n<\/div>\n<p>&nbsp;<\/p>\n<div class=\"wp-block-media-text alignwide is-stacked-on-mobile\">\n<figure class=\"wp-block-media-text__media\"><img loading=\"lazy\" decoding=\"async\" width=\"1024\" height=\"683\" class=\"wp-image-809 size-full\" src=\"https:\/\/meteocameroon.gov.cm\/wp-content\/uploads\/2022\/03\/moloundou.jpg\" alt=\"\" \/><\/figure>\n<div class=\"wp-block-media-text__content\">\n<p class=\"has-large-font-size\">Ev\u00e8nement Historique<\/p>\n<p>C\u00e9r\u00e9monie d&#8217;ouverture pr\u00e9sid\u00e9e, mardi 26 juillet 2022, par Monsieur Jean Ernest Mass\u00e9na NGALLE BIBEHE, Ministre des Transports assist\u00e9 de Monsieur le Ministre D\u00e9l\u00e9gu\u00e9 aupr\u00e8s du Minist\u00e8re des Transports et de Monsieur le Secr\u00e9taire g\u00e9n\u00e9ral du Minist\u00e8re des Transports, en pr\u00e9sence du Directeur g\u00e9n\u00e9ral de l&#8217;ACMAD, du Directeur de la M\u00e9t\u00e9orologie Nationale, des Responsables de l&#8217;African Network of Basin Organization et du Panafrican Farmers Organization.<\/p>\n<\/div>\n<\/div>\n<p>&nbsp;<\/p>\n<div class=\"wp-block-media-text alignwide is-stacked-on-mobile\">\n<figure class=\"wp-block-media-text__media\"><img loading=\"lazy\" decoding=\"async\" width=\"1024\" height=\"683\" class=\"wp-image-809 size-full\" src=\"https:\/\/meteocameroon.gov.cm\/wp-content\/uploads\/2022\/03\/moloundou.jpg\" alt=\"\" \/><\/figure>\n<div class=\"wp-block-media-text__content\">\n<p class=\"has-large-font-size\">Evenement marquant de la DMN<\/p>\n<p>C\u00e9r\u00e9monie d&#8217;ouverture pr\u00e9sid\u00e9e, mardi 26 juillet 2022, par Monsieur Jean Ernest Mass\u00e9na NGALLE BIBEHE, Ministre des Transports assist\u00e9 de Monsieur le Ministre D\u00e9l\u00e9gu\u00e9 aupr\u00e8s du Minist\u00e8re des Transports et de Monsieur le Secr\u00e9taire g\u00e9n\u00e9ral du Minist\u00e8re des Transports, en pr\u00e9sence du Directeur g\u00e9n\u00e9ral de l&#8217;ACMAD, du Directeur de la M\u00e9t\u00e9orologie Nationale, des Responsables de l&#8217;African Network of Basin Organization et du Panafrican Farmers Organization.<\/p>\n<\/div>\n<\/div>\n<p>\u00a0<\/p>\n<p>\u00a0<\/p>\n\n\t\t<\/div>\n\t<\/div>\n<\/div><\/div><\/div><\/div>","protected":false},"excerpt":{"rendered":"La rivi\u00e8re des crevette C\u00e9r\u00e9monie d'ouverture pr\u00e9sid\u00e9e, mardi 26 juillet 2022, par Monsieur Jean Ernest Mass\u00e9na NGALLE BIBEHE, Ministre des Transports assist\u00e9 de Monsieur le Ministre D\u00e9l\u00e9gu\u00e9 aupr\u00e8s du Minist\u00e8re [...]","protected":false},"author":1,"featured_media":0,"parent":0,"menu_order":0,"comment_status":"closed","ping_status":"closed","template":"","meta":{"footnotes":""},"class_list":["post-1008","page","type-page","status-publish","hentry"],"yoast_head":"<!-- This site is optimized with the Yoast SEO plugin v26.8 - https:\/\/yoast.com\/product\/yoast-seo-wordpress\/ -->\n<title>Ev\u00e8nement - M\u00e9t\u00e9orologie Nationale du Cameroun<\/title>\n<meta name=\"robots\" content=\"index, follow, max-snippet:-1, max-image-preview:large, max-video-preview:-1\" \/>\n<link rel=\"canonical\" href=\"https:\/\/meteocameroon.gov.cm\/en\/events\/\" \/>\n<meta property=\"og:locale\" content=\"en_US\" \/>\n<meta property=\"og:type\" content=\"article\" \/>\n<meta property=\"og:title\" content=\"Ev\u00e8nement - M\u00e9t\u00e9orologie Nationale du Cameroun\" \/>\n<meta property=\"og:url\" content=\"https:\/\/meteocameroon.gov.cm\/en\/events\/\" \/>\n<meta property=\"og:site_name\" content=\"M\u00e9t\u00e9orologie Nationale du Cameroun\" \/>\n<meta property=\"article:modified_time\" content=\"2024-07-27T08:02:07+00:00\" \/>\n<meta property=\"og:image\" content=\"https:\/\/meteocameroon.gov.cm\/wp-content\/uploads\/2022\/03\/moloundou.jpg\" \/>\n<meta name=\"twitter:card\" content=\"summary_large_image\" \/>\n<meta name=\"twitter:label1\" content=\"Est. reading time\" \/>\n\t<meta name=\"twitter:data1\" content=\"2 minutes\" \/>\n<script type=\"application\/ld+json\" class=\"yoast-schema-graph\">{\"@context\":\"https:\/\/schema.org\",\"@graph\":[{\"@type\":\"WebPage\",\"@id\":\"https:\/\/meteocameroon.gov.cm\/events\/\",\"url\":\"https:\/\/meteocameroon.gov.cm\/events\/\",\"name\":\"Ev\u00e8nement - M\u00e9t\u00e9orologie Nationale du Cameroun\",\"isPartOf\":{\"@id\":\"https:\/\/meteocameroon.gov.cm\/#website\"},\"primaryImageOfPage\":{\"@id\":\"https:\/\/meteocameroon.gov.cm\/events\/#primaryimage\"},\"image\":{\"@id\":\"https:\/\/meteocameroon.gov.cm\/events\/#primaryimage\"},\"thumbnailUrl\":\"https:\/\/meteocameroon.gov.cm\/wp-content\/uploads\/2022\/03\/moloundou.jpg\",\"datePublished\":\"2022-03-19T12:12:34+00:00\",\"dateModified\":\"2024-07-27T08:02:07+00:00\",\"breadcrumb\":{\"@id\":\"https:\/\/meteocameroon.gov.cm\/events\/#breadcrumb\"},\"inLanguage\":\"en-US\",\"potentialAction\":[{\"@type\":\"ReadAction\",\"target\":[\"https:\/\/meteocameroon.gov.cm\/events\/\"]}]},{\"@type\":\"ImageObject\",\"inLanguage\":\"en-US\",\"@id\":\"https:\/\/meteocameroon.gov.cm\/events\/#primaryimage\",\"url\":\"https:\/\/meteocameroon.gov.cm\/wp-content\/uploads\/2022\/03\/moloundou.jpg\",\"contentUrl\":\"https:\/\/meteocameroon.gov.cm\/wp-content\/uploads\/2022\/03\/moloundou.jpg\"},{\"@type\":\"BreadcrumbList\",\"@id\":\"https:\/\/meteocameroon.gov.cm\/events\/#breadcrumb\",\"itemListElement\":[{\"@type\":\"ListItem\",\"position\":1,\"name\":\"Accueil\",\"item\":\"https:\/\/meteocameroon.gov.cm\/\"},{\"@type\":\"ListItem\",\"position\":2,\"name\":\"Ev\u00e8nement\"}]},{\"@type\":\"WebSite\",\"@id\":\"https:\/\/meteocameroon.gov.cm\/#website\",\"url\":\"https:\/\/meteocameroon.gov.cm\/\",\"name\":\"M\u00e9t\u00e9orologie Nationale du Cameroun\",\"description\":\"La m\u00e9t\u00e9o un outils pour le d\u00e9veloppement\",\"publisher\":{\"@id\":\"https:\/\/meteocameroon.gov.cm\/#organization\"},\"potentialAction\":[{\"@type\":\"SearchAction\",\"target\":{\"@type\":\"EntryPoint\",\"urlTemplate\":\"https:\/\/meteocameroon.gov.cm\/?s={search_term_string}\"},\"query-input\":{\"@type\":\"PropertyValueSpecification\",\"valueRequired\":true,\"valueName\":\"search_term_string\"}}],\"inLanguage\":\"en-US\"},{\"@type\":\"Organization\",\"@id\":\"https:\/\/meteocameroon.gov.cm\/#organization\",\"name\":\"M\u00e9t\u00e9orologie Nationale du Cameroun\",\"url\":\"https:\/\/meteocameroon.gov.cm\/\",\"logo\":{\"@type\":\"ImageObject\",\"inLanguage\":\"en-US\",\"@id\":\"https:\/\/meteocameroon.gov.cm\/#\/schema\/logo\/image\/\",\"url\":\"https:\/\/meteocameroon.gov.cm\/wp-content\/uploads\/2022\/06\/Artboard-14x-renew.jpg\",\"contentUrl\":\"https:\/\/meteocameroon.gov.cm\/wp-content\/uploads\/2022\/06\/Artboard-14x-renew.jpg\",\"width\":519,\"height\":504,\"caption\":\"M\u00e9t\u00e9orologie Nationale du Cameroun\"},\"image\":{\"@id\":\"https:\/\/meteocameroon.gov.cm\/#\/schema\/logo\/image\/\"}}]}<\/script>\n<!-- \/ Yoast SEO plugin. -->","yoast_head_json":{"title":"Ev\u00e8nement - M\u00e9t\u00e9orologie Nationale du Cameroun","robots":{"index":"index","follow":"follow","max-snippet":"max-snippet:-1","max-image-preview":"max-image-preview:large","max-video-preview":"max-video-preview:-1"},"canonical":"https:\/\/meteocameroon.gov.cm\/en\/events\/","og_locale":"en_US","og_type":"article","og_title":"Ev\u00e8nement - M\u00e9t\u00e9orologie Nationale du Cameroun","og_url":"https:\/\/meteocameroon.gov.cm\/en\/events\/","og_site_name":"M\u00e9t\u00e9orologie Nationale du Cameroun","article_modified_time":"2024-07-27T08:02:07+00:00","og_image":[{"url":"https:\/\/meteocameroon.gov.cm\/wp-content\/uploads\/2022\/03\/moloundou.jpg","type":"","width":"","height":""}],"twitter_card":"summary_large_image","twitter_misc":{"Est. reading time":"2 minutes"},"schema":{"@context":"https:\/\/schema.org","@graph":[{"@type":"WebPage","@id":"https:\/\/meteocameroon.gov.cm\/events\/","url":"https:\/\/meteocameroon.gov.cm\/events\/","name":"Ev\u00e8nement - M\u00e9t\u00e9orologie Nationale du Cameroun","isPartOf":{"@id":"https:\/\/meteocameroon.gov.cm\/#website"},"primaryImageOfPage":{"@id":"https:\/\/meteocameroon.gov.cm\/events\/#primaryimage"},"image":{"@id":"https:\/\/meteocameroon.gov.cm\/events\/#primaryimage"},"thumbnailUrl":"https:\/\/meteocameroon.gov.cm\/wp-content\/uploads\/2022\/03\/moloundou.jpg","datePublished":"2022-03-19T12:12:34+00:00","dateModified":"2024-07-27T08:02:07+00:00","breadcrumb":{"@id":"https:\/\/meteocameroon.gov.cm\/events\/#breadcrumb"},"inLanguage":"en-US","potentialAction":[{"@type":"ReadAction","target":["https:\/\/meteocameroon.gov.cm\/events\/"]}]},{"@type":"ImageObject","inLanguage":"en-US","@id":"https:\/\/meteocameroon.gov.cm\/events\/#primaryimage","url":"https:\/\/meteocameroon.gov.cm\/wp-content\/uploads\/2022\/03\/moloundou.jpg","contentUrl":"https:\/\/meteocameroon.gov.cm\/wp-content\/uploads\/2022\/03\/moloundou.jpg"},{"@type":"BreadcrumbList","@id":"https:\/\/meteocameroon.gov.cm\/events\/#breadcrumb","itemListElement":[{"@type":"ListItem","position":1,"name":"Accueil","item":"https:\/\/meteocameroon.gov.cm\/"},{"@type":"ListItem","position":2,"name":"Ev\u00e8nement"}]},{"@type":"WebSite","@id":"https:\/\/meteocameroon.gov.cm\/#website","url":"https:\/\/meteocameroon.gov.cm\/","name":"M\u00e9t\u00e9orologie Nationale du Cameroun","description":"La m\u00e9t\u00e9o un outils pour le d\u00e9veloppement","publisher":{"@id":"https:\/\/meteocameroon.gov.cm\/#organization"},"potentialAction":[{"@type":"SearchAction","target":{"@type":"EntryPoint","urlTemplate":"https:\/\/meteocameroon.gov.cm\/?s={search_term_string}"},"query-input":{"@type":"PropertyValueSpecification","valueRequired":true,"valueName":"search_term_string"}}],"inLanguage":"en-US"},{"@type":"Organization","@id":"https:\/\/meteocameroon.gov.cm\/#organization","name":"M\u00e9t\u00e9orologie Nationale du Cameroun","url":"https:\/\/meteocameroon.gov.cm\/","logo":{"@type":"ImageObject","inLanguage":"en-US","@id":"https:\/\/meteocameroon.gov.cm\/#\/schema\/logo\/image\/","url":"https:\/\/meteocameroon.gov.cm\/wp-content\/uploads\/2022\/06\/Artboard-14x-renew.jpg","contentUrl":"https:\/\/meteocameroon.gov.cm\/wp-content\/uploads\/2022\/06\/Artboard-14x-renew.jpg","width":519,"height":504,"caption":"M\u00e9t\u00e9orologie Nationale du Cameroun"},"image":{"@id":"https:\/\/meteocameroon.gov.cm\/#\/schema\/logo\/image\/"}}]}},"rttpg_featured_image_url":null,"rttpg_author":{"display_name":"superadmin","author_link":"https:\/\/meteocameroon.gov.cm\/en\/author\/superadmin\/"},"rttpg_comment":0,"rttpg_category":null,"rttpg_excerpt":null,"_links":{"self":[{"href":"https:\/\/meteocameroon.gov.cm\/en\/wp-json\/wp\/v2\/pages\/1008","targetHints":{"allow":["GET"]}}],"collection":[{"href":"https:\/\/meteocameroon.gov.cm\/en\/wp-json\/wp\/v2\/pages"}],"about":[{"href":"https:\/\/meteocameroon.gov.cm\/en\/wp-json\/wp\/v2\/types\/page"}],"author":[{"embeddable":true,"href":"https:\/\/meteocameroon.gov.cm\/en\/wp-json\/wp\/v2\/users\/1"}],"replies":[{"embeddable":true,"href":"https:\/\/meteocameroon.gov.cm\/en\/wp-json\/wp\/v2\/comments?post=1008"}],"version-history":[{"count":17,"href":"https:\/\/meteocameroon.gov.cm\/en\/wp-json\/wp\/v2\/pages\/1008\/revisions"}],"predecessor-version":[{"id":4255,"href":"https:\/\/meteocameroon.gov.cm\/en\/wp-json\/wp\/v2\/pages\/1008\/revisions\/4255"}],"wp:attachment":[{"href":"https:\/\/meteocameroon.gov.cm\/en\/wp-json\/wp\/v2\/media?parent=1008"}],"curies":[{"name":"wp","href":"https:\/\/api.w.org\/{rel}","templated":true}]}}

<div class="vc_row wpb_row vc_row-fluid sigma-bg-color-transparent sigma-background-position-left-top sigma-title-color-default"><div class="wpb_column vc_column_container vc_col-sm-12 sigma-bg-color-transparent sigma-background-position-left-top sigma-title-color-default"><div class="vc_column-inner"><div class="wpb_wrapper"><div class="vc_empty_space"   style="height: 50px"><span class="vc_empty_space_inner"></span></div></div></div></div></div><div class="vc_row wpb_row vc_row-fluid sigma-bg-color-transparent sigma-background-position-left-top sigma-title-color-default"><div class="wpb_column vc_column_container vc_col-sm-12 sigma-bg-color-transparent sigma-background-position-left-top sigma-title-color-default"><div class="vc_column-inner"><div class="wpb_wrapper">
	<div class="wpb_text_column wpb_content_element" >
		<div class="wpb_wrapper">
			<div class="wp-block-media-text alignwide is-stacked-on-mobile">
<figure class="wp-block-media-text__media"><img loading="lazy" decoding="async" width="1024" height="683" class="wp-image-809 size-full" src="https://meteocameroon.gov.cm/wp-content/uploads/2022/03/moloundou.jpg" alt="" /></figure>
<div class="wp-block-media-text__content">
<p class="has-large-font-size">La rivière des crevette</p>
<p>Cérémonie d&#8217;ouverture présidée, mardi 26 juillet 2022, par Monsieur Jean Ernest Masséna NGALLE BIBEHE, Ministre des Transports assisté de Monsieur le Ministre Délégué auprès du Ministère des Transports et de Monsieur le Secrétaire général du Ministère des Transports, en présence du Directeur général de l&#8217;ACMAD, du Directeur de la Météorologie Nationale, des Responsables de l&#8217;African Network of Basin Organization et du Panafrican Farmers Organization.</p>
</div>
</div>
<p>&nbsp;</p>
<div class="wp-block-media-text alignwide is-stacked-on-mobile">
<figure class="wp-block-media-text__media"><img loading="lazy" decoding="async" width="1024" height="683" class="wp-image-809 size-full" src="https://meteocameroon.gov.cm/wp-content/uploads/2022/03/moloundou.jpg" alt="" /></figure>
<div class="wp-block-media-text__content">
<p class="has-large-font-size">Evènement Historique</p>
<p>Cérémonie d&#8217;ouverture présidée, mardi 26 juillet 2022, par Monsieur Jean Ernest Masséna NGALLE BIBEHE, Ministre des Transports assisté de Monsieur le Ministre Délégué auprès du Ministère des Transports et de Monsieur le Secrétaire général du Ministère des Transports, en présence du Directeur général de l&#8217;ACMAD, du Directeur de la Météorologie Nationale, des Responsables de l&#8217;African Network of Basin Organization et du Panafrican Farmers Organization.</p>
</div>
</div>
<p>&nbsp;</p>
<div class="wp-block-media-text alignwide is-stacked-on-mobile">
<figure class="wp-block-media-text__media"><img loading="lazy" decoding="async" width="1024" height="683" class="wp-image-809 size-full" src="https://meteocameroon.gov.cm/wp-content/uploads/2022/03/moloundou.jpg" alt="" /></figure>
<div class="wp-block-media-text__content">
<p class="has-large-font-size">Evenement marquant de la DMN</p>
<p>Cérémonie d&#8217;ouverture présidée, mardi 26 juillet 2022, par Monsieur Jean Ernest Masséna NGALLE BIBEHE, Ministre des Transports assisté de Monsieur le Ministre Délégué auprès du Ministère des Transports et de Monsieur le Secrétaire général du Ministère des Transports, en présence du Directeur général de l&#8217;ACMAD, du Directeur de la Météorologie Nationale, des Responsables de l&#8217;African Network of Basin Organization et du Panafrican Farmers Organization.</p>
</div>
</div>
<p> </p>
<p> </p>

		</div>
	</div>
</div></div></div></div>

La rivière des crevette Cérémonie d'ouverture présidée, mardi 26 juillet 2022, par Monsieur Jean Ernest Masséna NGALLE BIBEHE, Ministre des Transports assisté de Monsieur le Ministre Délégué auprès du Ministère [...]

<!-- This site is optimized with the Yoast SEO plugin v26.8 - https://yoast.com/product/yoast-seo-wordpress/ -->
<title>Evènement - Météorologie Nationale du Cameroun</title>
<meta name="robots" content="index, follow, max-snippet:-1, max-image-preview:large, max-video-preview:-1" />
<link rel="canonical" href="https://meteocameroon.gov.cm/en/events/" />
<meta property="og:locale" content="en_US" />
<meta property="og:type" content="article" />
<meta property="og:title" content="Evènement - Météorologie Nationale du Cameroun" />
<meta property="og:url" content="https://meteocameroon.gov.cm/en/events/" />
<meta property="og:site_name" content="Météorologie Nationale du Cameroun" />
<meta property="article:modified_time" content="2024-07-27T08:02:07+00:00" />
<meta property="og:image" content="https://meteocameroon.gov.cm/wp-content/uploads/2022/03/moloundou.jpg" />
<meta name="twitter:card" content="summary_large_image" />
<meta name="twitter:label1" content="Est. reading time" />
	<meta name="twitter:data1" content="2 minutes" />
<script type="application/ld+json" class="yoast-schema-graph">{"@context":"https://schema.org","@graph":[{"@type":"WebPage","@id":"https://meteocameroon.gov.cm/events/","url":"https://meteocameroon.gov.cm/events/","name":"Evènement - Météorologie Nationale du Cameroun","isPartOf":{"@id":"https://meteocameroon.gov.cm/#website"},"primaryImageOfPage":{"@id":"https://meteocameroon.gov.cm/events/#primaryimage"},"image":{"@id":"https://meteocameroon.gov.cm/events/#primaryimage"},"thumbnailUrl":"https://meteocameroon.gov.cm/wp-content/uploads/2022/03/moloundou.jpg","datePublished":"2022-03-19T12:12:34+00:00","dateModified":"2024-07-27T08:02:07+00:00","breadcrumb":{"@id":"https://meteocameroon.gov.cm/events/#breadcrumb"},"inLanguage":"en-US","potentialAction":[{"@type":"ReadAction","target":["https://meteocameroon.gov.cm/events/"]}]},{"@type":"ImageObject","inLanguage":"en-US","@id":"https://meteocameroon.gov.cm/events/#primaryimage","url":"https://meteocameroon.gov.cm/wp-content/uploads/2022/03/moloundou.jpg","contentUrl":"https://meteocameroon.gov.cm/wp-content/uploads/2022/03/moloundou.jpg"},{"@type":"BreadcrumbList","@id":"https://meteocameroon.gov.cm/events/#breadcrumb","itemListElement":[{"@type":"ListItem","position":1,"name":"Accueil","item":"https://meteocameroon.gov.cm/"},{"@type":"ListItem","position":2,"name":"Evènement"}]},{"@type":"WebSite","@id":"https://meteocameroon.gov.cm/#website","url":"https://meteocameroon.gov.cm/","name":"Météorologie Nationale du Cameroun","description":"La météo un outils pour le développement","publisher":{"@id":"https://meteocameroon.gov.cm/#organization"},"potentialAction":[{"@type":"SearchAction","target":{"@type":"EntryPoint","urlTemplate":"https://meteocameroon.gov.cm/?s={search_term_string}"},"query-input":{"@type":"PropertyValueSpecification","valueRequired":true,"valueName":"search_term_string"}}],"inLanguage":"en-US"},{"@type":"Organization","@id":"https://meteocameroon.gov.cm/#organization","name":"Météorologie Nationale du Cameroun","url":"https://meteocameroon.gov.cm/","logo":{"@type":"ImageObject","inLanguage":"en-US","@id":"https://meteocameroon.gov.cm/#/schema/logo/image/","url":"https://meteocameroon.gov.cm/wp-content/uploads/2022/06/Artboard-14x-renew.jpg","contentUrl":"https://meteocameroon.gov.cm/wp-content/uploads/2022/06/Artboard-14x-renew.jpg","width":519,"height":504,"caption":"Météorologie Nationale du Cameroun"},"image":{"@id":"https://meteocameroon.gov.cm/#/schema/logo/image/"}}]}</script>
<!-- / Yoast SEO plugin. -->

Evènement - Météorologie Nationale du Cameroun

Météorologie Nationale du Cameroun

Evènement

La météo un outils pour le développement
