{"id":5003,"date":"2025-07-25T10:36:46","date_gmt":"2025-07-25T09:36:46","guid":{"rendered":"https:\/\/meteocameroon.gov.cm\/download\/debriefing-des-previsions-dorientation-de-lafrique-centrale\/"},"modified":"2025-07-25T10:36:46","modified_gmt":"2025-07-25T09:36:46","slug":"debriefing-des-previsions-dorientation-de-lafrique-centrale","status":"publish","type":"wpdmpro","link":"https:\/\/meteocameroon.gov.cm\/en\/download\/debriefing-des-previsions-dorientation-de-lafrique-centrale\/","title":{"rendered":"Debriefing des pr\u00e9visions d&#8217;orientation de l&#8217;Afrique centrale"},"content":{"rendered":"<p>Le Centre R\u00e9gional d&#8217;Appui aux Pr\u00e9visions de Yaound\u00e9 vous invite \u00e0 une r\u00e9union Zoom programm\u00e9e.<\/p>\n<p>Sujet: Debriefing des pr\u00e9visions d&#8217;orientation de l&#8217;Afrique centrale, valides du 22 au 25 juillet 2025.<br \/>\nHeure: 22 juil. 2025 02:30 PM Londres (13h30 TU)<br \/>\nParticiper \u00e0 la r\u00e9union Zoom<\/p>\n<p><a href=\"https:\/\/us05web.zoom.us\/j\/82718062582?pwd=FQQIMAsA6nWVfIbJspMzsU8hxOv41P.1\">Cliquez ici pour joindre la r\u00e9union<\/a><\/p>\n<p>ID de r\u00e9union: 827 1806 2582<br \/>\nCode\u00a0secret:\u00a0aV675b<\/p>","protected":false},"excerpt":{"rendered":"<p>Le Centre R\u00e9gional d&#8217;Appui aux Pr\u00e9visions de Yaound\u00e9 vous invite \u00e0 une r\u00e9union Zoom programm\u00e9e. Sujet: Debriefing des pr\u00e9visions d&#8217;orientation de l&#8217;Afrique centrale, valides du 22 au 25 juillet 2025. [&hellip;]<\/p>","protected":false},"author":1,"featured_media":0,"comment_status":"open","ping_status":"open","template":"","meta":[],"wpdmcategory":[113,111],"class_list":["post-5003","wpdmpro","type-wpdmpro","status-publish","hentry","wpdmcategory-briefing","wpdmcategory-cmrs"],"yoast_head":"<!-- This site is optimized with the Yoast SEO plugin v26.8 - https:\/\/yoast.com\/product\/yoast-seo-wordpress\/ -->\n<title>Debriefing des pr\u00e9visions d&#039;orientation de l&#039;Afrique centrale - M\u00e9t\u00e9orologie Nationale du Cameroun<\/title>\n<meta name=\"robots\" content=\"index, follow, max-snippet:-1, max-image-preview:large, max-video-preview:-1\" \/>\n<link rel=\"canonical\" href=\"https:\/\/meteocameroon.gov.cm\/en\/download\/debriefing-des-previsions-dorientation-de-lafrique-centrale\/\" \/>\n<meta property=\"og:locale\" content=\"en_US\" \/>\n<meta property=\"og:type\" content=\"article\" \/>\n<meta property=\"og:title\" content=\"Debriefing des pr\u00e9visions d&#039;orientation de l&#039;Afrique centrale - M\u00e9t\u00e9orologie Nationale du Cameroun\" \/>\n<meta property=\"og:description\" content=\"Le Centre R\u00e9gional d&#8217;Appui aux Pr\u00e9visions de Yaound\u00e9 vous invite \u00e0 une r\u00e9union Zoom programm\u00e9e. Sujet: Debriefing des pr\u00e9visions d&#8217;orientation de l&#8217;Afrique centrale, valides du 22 au 25 juillet 2025. [&hellip;]\" \/>\n<meta property=\"og:url\" content=\"https:\/\/meteocameroon.gov.cm\/en\/download\/debriefing-des-previsions-dorientation-de-lafrique-centrale\/\" \/>\n<meta property=\"og:site_name\" content=\"M\u00e9t\u00e9orologie Nationale du Cameroun\" \/>\n<meta name=\"twitter:card\" content=\"summary_large_image\" \/>\n<script type=\"application\/ld+json\" class=\"yoast-schema-graph\">{\"@context\":\"https:\/\/schema.org\",\"@graph\":[{\"@type\":\"WebPage\",\"@id\":\"https:\/\/meteocameroon.gov.cm\/download\/debriefing-des-previsions-dorientation-de-lafrique-centrale\/\",\"url\":\"https:\/\/meteocameroon.gov.cm\/download\/debriefing-des-previsions-dorientation-de-lafrique-centrale\/\",\"name\":\"Debriefing des pr\u00e9visions d'orientation de l'Afrique centrale - M\u00e9t\u00e9orologie Nationale du Cameroun\",\"isPartOf\":{\"@id\":\"https:\/\/meteocameroon.gov.cm\/#website\"},\"datePublished\":\"2025-07-25T09:36:46+00:00\",\"breadcrumb\":{\"@id\":\"https:\/\/meteocameroon.gov.cm\/download\/debriefing-des-previsions-dorientation-de-lafrique-centrale\/#breadcrumb\"},\"inLanguage\":\"en-US\",\"potentialAction\":[{\"@type\":\"ReadAction\",\"target\":[\"https:\/\/meteocameroon.gov.cm\/download\/debriefing-des-previsions-dorientation-de-lafrique-centrale\/\"]}]},{\"@type\":\"BreadcrumbList\",\"@id\":\"https:\/\/meteocameroon.gov.cm\/download\/debriefing-des-previsions-dorientation-de-lafrique-centrale\/#breadcrumb\",\"itemListElement\":[{\"@type\":\"ListItem\",\"position\":1,\"name\":\"Accueil\",\"item\":\"https:\/\/meteocameroon.gov.cm\/\"},{\"@type\":\"ListItem\",\"position\":2,\"name\":\"Debriefing des pr\u00e9visions d&#8217;orientation de l&#8217;Afrique centrale\"}]},{\"@type\":\"WebSite\",\"@id\":\"https:\/\/meteocameroon.gov.cm\/#website\",\"url\":\"https:\/\/meteocameroon.gov.cm\/\",\"name\":\"M\u00e9t\u00e9orologie Nationale du Cameroun\",\"description\":\"La m\u00e9t\u00e9o un outils pour le d\u00e9veloppement\",\"publisher\":{\"@id\":\"https:\/\/meteocameroon.gov.cm\/#organization\"},\"potentialAction\":[{\"@type\":\"SearchAction\",\"target\":{\"@type\":\"EntryPoint\",\"urlTemplate\":\"https:\/\/meteocameroon.gov.cm\/?s={search_term_string}\"},\"query-input\":{\"@type\":\"PropertyValueSpecification\",\"valueRequired\":true,\"valueName\":\"search_term_string\"}}],\"inLanguage\":\"en-US\"},{\"@type\":\"Organization\",\"@id\":\"https:\/\/meteocameroon.gov.cm\/#organization\",\"name\":\"M\u00e9t\u00e9orologie Nationale du Cameroun\",\"url\":\"https:\/\/meteocameroon.gov.cm\/\",\"logo\":{\"@type\":\"ImageObject\",\"inLanguage\":\"en-US\",\"@id\":\"https:\/\/meteocameroon.gov.cm\/#\/schema\/logo\/image\/\",\"url\":\"https:\/\/meteocameroon.gov.cm\/wp-content\/uploads\/2022\/06\/Artboard-14x-renew.jpg\",\"contentUrl\":\"https:\/\/meteocameroon.gov.cm\/wp-content\/uploads\/2022\/06\/Artboard-14x-renew.jpg\",\"width\":519,\"height\":504,\"caption\":\"M\u00e9t\u00e9orologie Nationale du Cameroun\"},\"image\":{\"@id\":\"https:\/\/meteocameroon.gov.cm\/#\/schema\/logo\/image\/\"}}]}<\/script>\n<!-- \/ Yoast SEO plugin. -->","yoast_head_json":{"title":"Debriefing des pr\u00e9visions d'orientation de l'Afrique centrale - M\u00e9t\u00e9orologie Nationale du Cameroun","robots":{"index":"index","follow":"follow","max-snippet":"max-snippet:-1","max-image-preview":"max-image-preview:large","max-video-preview":"max-video-preview:-1"},"canonical":"https:\/\/meteocameroon.gov.cm\/en\/download\/debriefing-des-previsions-dorientation-de-lafrique-centrale\/","og_locale":"en_US","og_type":"article","og_title":"Debriefing des pr\u00e9visions d'orientation de l'Afrique centrale - M\u00e9t\u00e9orologie Nationale du Cameroun","og_description":"Le Centre R\u00e9gional d&#8217;Appui aux Pr\u00e9visions de Yaound\u00e9 vous invite \u00e0 une r\u00e9union Zoom programm\u00e9e. Sujet: Debriefing des pr\u00e9visions d&#8217;orientation de l&#8217;Afrique centrale, valides du 22 au 25 juillet 2025. [&hellip;]","og_url":"https:\/\/meteocameroon.gov.cm\/en\/download\/debriefing-des-previsions-dorientation-de-lafrique-centrale\/","og_site_name":"M\u00e9t\u00e9orologie Nationale du Cameroun","twitter_card":"summary_large_image","schema":{"@context":"https:\/\/schema.org","@graph":[{"@type":"WebPage","@id":"https:\/\/meteocameroon.gov.cm\/download\/debriefing-des-previsions-dorientation-de-lafrique-centrale\/","url":"https:\/\/meteocameroon.gov.cm\/download\/debriefing-des-previsions-dorientation-de-lafrique-centrale\/","name":"Debriefing des pr\u00e9visions d'orientation de l'Afrique centrale - M\u00e9t\u00e9orologie Nationale du Cameroun","isPartOf":{"@id":"https:\/\/meteocameroon.gov.cm\/#website"},"datePublished":"2025-07-25T09:36:46+00:00","breadcrumb":{"@id":"https:\/\/meteocameroon.gov.cm\/download\/debriefing-des-previsions-dorientation-de-lafrique-centrale\/#breadcrumb"},"inLanguage":"en-US","potentialAction":[{"@type":"ReadAction","target":["https:\/\/meteocameroon.gov.cm\/download\/debriefing-des-previsions-dorientation-de-lafrique-centrale\/"]}]},{"@type":"BreadcrumbList","@id":"https:\/\/meteocameroon.gov.cm\/download\/debriefing-des-previsions-dorientation-de-lafrique-centrale\/#breadcrumb","itemListElement":[{"@type":"ListItem","position":1,"name":"Accueil","item":"https:\/\/meteocameroon.gov.cm\/"},{"@type":"ListItem","position":2,"name":"Debriefing des pr\u00e9visions d&#8217;orientation de l&#8217;Afrique centrale"}]},{"@type":"WebSite","@id":"https:\/\/meteocameroon.gov.cm\/#website","url":"https:\/\/meteocameroon.gov.cm\/","name":"M\u00e9t\u00e9orologie Nationale du Cameroun","description":"La m\u00e9t\u00e9o un outils pour le d\u00e9veloppement","publisher":{"@id":"https:\/\/meteocameroon.gov.cm\/#organization"},"potentialAction":[{"@type":"SearchAction","target":{"@type":"EntryPoint","urlTemplate":"https:\/\/meteocameroon.gov.cm\/?s={search_term_string}"},"query-input":{"@type":"PropertyValueSpecification","valueRequired":true,"valueName":"search_term_string"}}],"inLanguage":"en-US"},{"@type":"Organization","@id":"https:\/\/meteocameroon.gov.cm\/#organization","name":"M\u00e9t\u00e9orologie Nationale du Cameroun","url":"https:\/\/meteocameroon.gov.cm\/","logo":{"@type":"ImageObject","inLanguage":"en-US","@id":"https:\/\/meteocameroon.gov.cm\/#\/schema\/logo\/image\/","url":"https:\/\/meteocameroon.gov.cm\/wp-content\/uploads\/2022\/06\/Artboard-14x-renew.jpg","contentUrl":"https:\/\/meteocameroon.gov.cm\/wp-content\/uploads\/2022\/06\/Artboard-14x-renew.jpg","width":519,"height":504,"caption":"M\u00e9t\u00e9orologie Nationale du Cameroun"},"image":{"@id":"https:\/\/meteocameroon.gov.cm\/#\/schema\/logo\/image\/"}}]}},"_links":{"self":[{"href":"https:\/\/meteocameroon.gov.cm\/en\/wp-json\/wp\/v2\/wpdmpro\/5003","targetHints":{"allow":["GET"]}}],"collection":[{"href":"https:\/\/meteocameroon.gov.cm\/en\/wp-json\/wp\/v2\/wpdmpro"}],"about":[{"href":"https:\/\/meteocameroon.gov.cm\/en\/wp-json\/wp\/v2\/types\/wpdmpro"}],"author":[{"embeddable":true,"href":"https:\/\/meteocameroon.gov.cm\/en\/wp-json\/wp\/v2\/users\/1"}],"replies":[{"embeddable":true,"href":"https:\/\/meteocameroon.gov.cm\/en\/wp-json\/wp\/v2\/comments?post=5003"}],"wp:attachment":[{"href":"https:\/\/meteocameroon.gov.cm\/en\/wp-json\/wp\/v2\/media?parent=5003"}],"wp:term":[{"taxonomy":"wpdmcategory","embeddable":true,"href":"https:\/\/meteocameroon.gov.cm\/en\/wp-json\/wp\/v2\/wpdmcategory?post=5003"}],"curies":[{"name":"wp","href":"https:\/\/api.w.org\/{rel}","templated":true}]}}

Debriefing des prévisions d&#8217;orientation de l&#8217;Afrique centrale

<p>Le Centre Régional d&#8217;Appui aux Prévisions de Yaoundé vous invite à une réunion Zoom programmée.</p>
<p>Sujet: Debriefing des prévisions d&#8217;orientation de l&#8217;Afrique centrale, valides du 22 au 25 juillet 2025.<br />
Heure: 22 juil. 2025 02:30 PM Londres (13h30 TU)<br />
Participer à la réunion Zoom</p>
<p><a href="https://us05web.zoom.us/j/82718062582?pwd=FQQIMAsA6nWVfIbJspMzsU8hxOv41P.1">Cliquez ici pour joindre la réunion</a></p>
<p>ID de réunion: 827 1806 2582<br />
Code secret: aV675b</p>

<p>Le Centre Régional d&#8217;Appui aux Prévisions de Yaoundé vous invite à une réunion Zoom programmée. Sujet: Debriefing des prévisions d&#8217;orientation de l&#8217;Afrique centrale, valides du 22 au 25 juillet 2025. [&hellip;]</p>

<!-- This site is optimized with the Yoast SEO plugin v26.8 - https://yoast.com/product/yoast-seo-wordpress/ -->
<title>Debriefing des prévisions d&#039;orientation de l&#039;Afrique centrale - Météorologie Nationale du Cameroun</title>
<meta name="robots" content="index, follow, max-snippet:-1, max-image-preview:large, max-video-preview:-1" />
<link rel="canonical" href="https://meteocameroon.gov.cm/en/download/debriefing-des-previsions-dorientation-de-lafrique-centrale/" />
<meta property="og:locale" content="en_US" />
<meta property="og:type" content="article" />
<meta property="og:title" content="Debriefing des prévisions d&#039;orientation de l&#039;Afrique centrale - Météorologie Nationale du Cameroun" />
<meta property="og:description" content="Le Centre Régional d&#8217;Appui aux Prévisions de Yaoundé vous invite à une réunion Zoom programmée. Sujet: Debriefing des prévisions d&#8217;orientation de l&#8217;Afrique centrale, valides du 22 au 25 juillet 2025. [&hellip;]" />
<meta property="og:url" content="https://meteocameroon.gov.cm/en/download/debriefing-des-previsions-dorientation-de-lafrique-centrale/" />
<meta property="og:site_name" content="Météorologie Nationale du Cameroun" />
<meta name="twitter:card" content="summary_large_image" />
<script type="application/ld+json" class="yoast-schema-graph">{"@context":"https://schema.org","@graph":[{"@type":"WebPage","@id":"https://meteocameroon.gov.cm/download/debriefing-des-previsions-dorientation-de-lafrique-centrale/","url":"https://meteocameroon.gov.cm/download/debriefing-des-previsions-dorientation-de-lafrique-centrale/","name":"Debriefing des prévisions d'orientation de l'Afrique centrale - Météorologie Nationale du Cameroun","isPartOf":{"@id":"https://meteocameroon.gov.cm/#website"},"datePublished":"2025-07-25T09:36:46+00:00","breadcrumb":{"@id":"https://meteocameroon.gov.cm/download/debriefing-des-previsions-dorientation-de-lafrique-centrale/#breadcrumb"},"inLanguage":"en-US","potentialAction":[{"@type":"ReadAction","target":["https://meteocameroon.gov.cm/download/debriefing-des-previsions-dorientation-de-lafrique-centrale/"]}]},{"@type":"BreadcrumbList","@id":"https://meteocameroon.gov.cm/download/debriefing-des-previsions-dorientation-de-lafrique-centrale/#breadcrumb","itemListElement":[{"@type":"ListItem","position":1,"name":"Accueil","item":"https://meteocameroon.gov.cm/"},{"@type":"ListItem","position":2,"name":"Debriefing des prévisions d&#8217;orientation de l&#8217;Afrique centrale"}]},{"@type":"WebSite","@id":"https://meteocameroon.gov.cm/#website","url":"https://meteocameroon.gov.cm/","name":"Météorologie Nationale du Cameroun","description":"La météo un outils pour le développement","publisher":{"@id":"https://meteocameroon.gov.cm/#organization"},"potentialAction":[{"@type":"SearchAction","target":{"@type":"EntryPoint","urlTemplate":"https://meteocameroon.gov.cm/?s={search_term_string}"},"query-input":{"@type":"PropertyValueSpecification","valueRequired":true,"valueName":"search_term_string"}}],"inLanguage":"en-US"},{"@type":"Organization","@id":"https://meteocameroon.gov.cm/#organization","name":"Météorologie Nationale du Cameroun","url":"https://meteocameroon.gov.cm/","logo":{"@type":"ImageObject","inLanguage":"en-US","@id":"https://meteocameroon.gov.cm/#/schema/logo/image/","url":"https://meteocameroon.gov.cm/wp-content/uploads/2022/06/Artboard-14x-renew.jpg","contentUrl":"https://meteocameroon.gov.cm/wp-content/uploads/2022/06/Artboard-14x-renew.jpg","width":519,"height":504,"caption":"Météorologie Nationale du Cameroun"},"image":{"@id":"https://meteocameroon.gov.cm/#/schema/logo/image/"}}]}</script>
<!-- / Yoast SEO plugin. -->

Debriefing des prévisions d'orientation de l'Afrique centrale - Météorologie Nationale du Cameroun

Le Centre Régional d&#8217;Appui aux Prévisions de Yaoundé vous invite à une réunion Zoom programmée. Sujet: Debriefing des prévisions d&#8217;orientation de l&#8217;Afrique centrale, valides du 22 au 25 juillet 2025. [&hellip;]

Météorologie Nationale du Cameroun

La météo un outils pour le développement
